eatest common factor of b and 21.
7
Let i be 14/6*210/10. Calculate the highest common divisor of 7 and i.
7
Let f = -5 - -9. Let w be 41/(-287) - (-618)/14. What is the greatest common divisor of w and f?
4
Let f = -85 + 110. Calculate the highest common factor of 25 and f.
25
Suppose n + 5 = -q, 6 = q - 5*n - 1. Let l be (-111*3)/(-3) + q. Calculate the highest common factor of 12 and l.
12
Suppose 5*i + 0*i + 25 = 0. Let m = i + 1. Let a = m - -11. What is the greatest common divisor of 63 and a?
7
Suppose 3*q - 9*q - 432 = 0. Let k = q - -219. Calculate the greatest common divisor of k and 21.
21
Let f(j) = j**3 + 5*j**2 - 1. Let z = -3 + -1. Let n be f(z). Let b be (4545/404)/(2/8). What is the highest common divisor of b and n?
15
Let c(t) = 7 - 5 + 0 - 8*t**2 - t**3 - 2*t. Let m be c(-8). Calculate the greatest common factor of m and 18.
18
Suppose 0 = 2*q - 5*q - 39. Let z = q - -25. Calculate the greatest common factor of z and 96.
12
Let b = 3 - 0. Let o(m) = -m**3 + 4*m**2 - m + 2. Let t be o(b). Let v = t + -6. Calculate the greatest common divisor of v and 3.
1
Let w be (-460)/(-3) - (44/(-12) - -3). What is the highest common factor of 14 and w?
14
Let h be 2/4 - 27/6. Let w be h/3*(-3 + -45). Calculate the highest common divisor of 16 and w.
16
Let q = 7 - -33. Suppose 8*x + 5*d - 75 = 3*x, -4*x + 25 = -3*d. Calculate the highest common divisor of q and x.
10
Suppose 0 = -2*y - 1 + 21. What is the greatest common divisor of y and 10?
10
Let o be 7 - 5 - (-2 - -128). Let p = 212 + o. Let a(b) = b**2 - b + 8. Let v be a(0). Calculate the highest common factor of p and v.
8
Let z be 17 - (2 + -1 - 4). Calculate the highest common divisor of 2 and z.
2
Let y be (-1456)/(-35) - (-2)/5. Calculate the highest common factor of 63 and y.
21
Let d = -4 + 8. Let b(y) be the second derivative of y**4/12 + 4*y**3/3 - 7*y**2/2 + 3*y. Let x be b(-9). Calculate the greatest common factor of d and x.
2
Suppose -3*t - 74 = -5*l - 0*t, 4*l - 5*t = 54. Calculate the greatest common divisor of l and 72.
8
Let u be 1874/8 - 2/8. Let j(h) = h**3 - 4*h**2 + 8*h - 6. Let z be j(4). Calculate the highest common factor of z and u.
26
Let o(a) = 2*a - 7. Let b be o(6). Suppose 2*j = b*j - 18. Let i be 2/(-6) + 392/j. What is the greatest common divisor of 26 and i?
13
Let a be -2*((-21)/6 + 1). Let w(v) = -v**3 + 6*v**2 + 6*v + 5. Let o be w(a). What is the highest common factor of o and 12?
12
Let w = -6 - -8. Let j = 11 - w. Let p be (-18)/(5/(-4) - -1). Calculate the greatest common factor of j and p.
9
Let s = -10 + 20. Suppose -2*r + 34 = s. What is the greatest common factor of 30 and r?
6
Suppose -2*d = -0*d. Suppose d = 2*n + n. Let h = 5 - n. Calculate the greatest common factor of h and 40.
5
Suppose -7*x + 2*x + 3*l + 81 = 0, 3*x = -l + 57. Suppose 2*j - 224 = 28. What is the greatest common factor of j and x?
18
Let f = 51 - 33. Let l = f + -11. Suppose -2*t - 69 = -n, n - 300 = -3*n + 2*t. Calculate the greatest common factor of n and l.
7
Let x be 100/6 + 2/6. Suppose -4*f + 10 = -2*f. Suppose -5*w - v + 937 = 0, -14 + 4 = -f*v. What is the highest common divisor of w and x?
17
Let f = 154 - 46. Suppose 3*c + 3 = f. Calculate the greatest common divisor of 14 and c.
7
Let y(f) = -f - 10. Let m be y(-5). Let s be -2 - -7 - (m - -3). What is the highest common divisor of s and 28?
7
Let d be (0 - 1)*(-2 + 2). Suppose 5 = z - d. Suppose 19 = 5*x + 3*g, -2*g = x - z - 3. What is the greatest common factor of 3 and x?
1
Let d(u) = 11*u + 8. Let v be d(12). What is the highest common divisor of v and 28?
28
Let g = 71 - 49. Let d = -13 + g. What is the highest common divisor of 3 and d?
3
Suppose s = 5*u + 34, u - 73 = -4*s + 147. What is the highest common factor of 6 and s?
6
Suppose -5*q + 654 = 2*s, 0 = q - 3*q - 5*s + 249. Calculate the highest common factor of 12 and q.
12
Let y(u) = 3*u + 56. Let h be y(-16). What is the greatest common divisor of 32 and h?
8
Let t be (102/(-14) + 2/7)*-1. Let n = 12 + 16. What is the highest common divisor of n and t?
7
Let u(z) = 4*z**2 - 2*z + 2. Let q be u(1). Calculate the greatest common factor of 36 and q.
4
Let x(d) = -67*d - 2. Let z be x(-1). Suppose f = m - 30, -2*m = 4*f - 21 - 15. What is the greatest common factor of z and m?
13
Let b(s) = -3*s + 2. Suppose 11 = -2*r + 1. Let m be b(r). Calculate the highest common factor of 34 and m.
17
Suppose 140 = 4*u + 5*g, -7*g = -10*g. Calculate the highest common factor of 14 and u.
7
Suppose p - 4*p + 18 = 0. Let b = p + -4. Suppose 4*k = b + 2. Calculate the greatest common divisor of 7 and k.
1
Suppose 4*t = 9*t - 5*r - 55, -2*t + 6 = 2*r. What is the greatest common divisor of t and 1?
1
Suppose 32 = 4*a - 144. Let c be (1 - 3)*1 - 10. Let n be 1/4 - 129/c. What is the greatest common factor of a and n?
11
Let r be 3/(-3 - 2/(-16)*25). Calculate the greatest common factor of 192 and r.
24
Let j = -8 + 12. Suppose -b = 2*q - 6*b - 214, -3*q + j*b + 328 = 0. Calculate the highest common divisor of q and 16.
16
Let y be (3 + -1)*(3 - -1). Suppose 0 = 2*w - 0*w. Suppose 4*p = f - 129 + 33, w = 5*f - 5*p - 450. What is the highest common divisor of y and f?
8
Suppose -q = -3*j + 220, 4*j - 2*j = -3*q + 132. Let w = j + -46. Let c = w + -16. What is the greatest common divisor of c and 70?
10
Suppose -3*s = 4*l - 8*l - 277, -5*s + 3*l + 458 = 0. What is the greatest common factor of s and 13?
13
Let t be -3 + 31 - (-9)/((-18)/4). What is the highest common divisor of 2 and t?
2
Suppose -3*q + 3*p + 12 = -4*q, -q = -2*p - 13. Calculate the greatest common divisor of q and 1.
1
Let k(z) = z**2 + 3*z + 7. Let s be k(6). Suppose 3*m - 23 - s = 0. What is the greatest common factor of 196 and m?
28
Suppose 2*p - 2 + 1 = -d, 0 = 3*p + 2*d. Calculate the greatest common factor of p and 16.
2
Suppose -7*s = -2*s - 230. What is the greatest common factor of 23 and s?
23
Let b = -8 - -10. Let y be b + 1/1*70. Calculate the greatest common factor of y and 8.
8
Suppose 2*z + 0*z = 222. Let x = -21 + z. Let l(m) = -m**2 + 32*m - 51. Let n be l(29). Calculate the greatest common factor of x and n.
18
Let j = -138 - -266. Calculate the highest common divisor of 16 and j.
16
Let a be -1 - (550/(-30) + 2/(-3)). Suppose -3*t + 2*j = -0*t - 6, -t = -4*j - 12. Suppose c - 6 = -t*c. Calculate the greatest common divisor of c and a.
6
Let k(m) = 43*m - 2. Suppose 5*c = -i + 11, 0 = 4*c + i + i - 10. Let g be k(c). Suppose g = -0*r + 2*r. Calculate the greatest common factor of 6 and r.
6
Suppose 3*g = -4*a + 100, a = -2*g + 66 + 9. Suppose -64 = -q - 3*q. What is the highest common divisor of g and q?
8
Suppose 12*u = 365 + 31. Calculate the highest common divisor of u and 3.
3
Let w(d) = -d**3 + 11*d**2 - 12*d - 4. Let f be w(10). Let m be ((-18)/f)/(1/24). What is the greatest common factor of m and 45?
9
Suppose 5*b - 6*b - 10 = 0. Let i = b - -15. What is the greatest common divisor of i and 35?
5
Let y(j) = -9*j + 1. Let c be y(-5). What is the greatest common factor of c and 69?
23
Suppose -9*s = s - 480. What is the highest common factor of 8 and s?
8
Suppose -5*z - 99 = -k - 0*k, 0 = z. What is the greatest common factor of 11 and k?
11
Let w be 37*3/6*-2. Let h = -64 - w. Let q = h + 46. Calculate the greatest common divisor of q and 57.
19
Let f(s) = 2*s**2 - s - 2. Let b(v) = -v**3 + 2*v**2 + 5*v - 4. Let a be b(3). Let k be f(a). Let n be 21/2*k/6. What is the greatest common divisor of 7 and n?
7
Let a(d) = d**2 + 5*d + 1. Let s be a(-6). Let z(k) = -k**3 + 6*k**2 + 9*k - 5. Let c be z(6). What is the greatest common divisor of c and s?
7
Suppose 0 = -2*x + 75 - 41. What is the greatest common divisor of 17 and x?
17
Let x(w) = 23*w**2 + 4*w + 3. Let t be x(-1). What is the highest common divisor of 66 and t?
22
Let o(r) = -r**3 + 2*r**2 + r - 7. Let a be o(3). Suppose j + 2*j + 78 = 0. Let i = a - j. Calculate the greatest common divisor of 13 and i.
13
Suppose -2*v + 44 = -2*q + 4*q, -2*q = -3*v + 86. Let n(o) = -9 + 10 - 2 + 66*o**3. Let l be n(1). What is the greatest common factor of l and v?
13
Let s be ((-1)/(-1))/((-3)/(-6)). Let t be (-16)/(8/6 - s). Calculate the greatest common divisor of t and 16.
8
Let h = 10 - -5. Suppose 0 = -3*v + h, 2*i - 3*v